?
30113300
In base 3, what is 11 + 1102102211?
1102102222
In base 11, what is -71a - -3508?
2899
In base 14, what is 1b300 - 1?
1b2dd
In base 2, what is 10 - -11001101001001001001?
11001101001001001011
In base 4, what is -22130300 - 3?
-22130303
In base 11, what is 27 - 14889?
-14862
In base 7, what is -244 + 4?
-240
In base 12, what is 502b + 37?
5066
In base 15, what is 3 - -77c9?
77cc
In base 10, what is -118 + -9104?
-9222
In base 5, what is 220 + 21020?
21240
In base 12, what is 3 + 53984?
53987
In base 3, what is -1 - 22010020?
-22010021
In base 5, what is 10003 + 43?
10101
In base 6, what is -14554 - -13?
-14541
In base 5, what is 2 + -34122010?
-34122003
In base 5, what is 121421 - 10?
121411
In base 4, what is -121 + -12300?
-13021
In base 6, what is -200 + 1320251?
1320051
In base 12, what is 1 + 196771?
196772
In base 16, what is -8 + -5ab?
-5b3
In base 10, what is 914 + -487?
427
In base 7, what is -11654 + 515?
-11136
In base 4, what is -102032000 + -110?
-102032110
In base 4, what is -11300 - -2221?
-3013
In base 4, what is -10 - -101113?
101103
In base 16, what is -9f4e - 4?
-9f52
In base 14, what is -28 - 68b5?
-68dd
In base 10, what is -16253 + 4?
-16249
In base 10, what is 118 - -18423?
18541
In base 9, what is 4625 + -37?
4577
In base 10, what is -1 + 37212?
37211
In base 7, what is -15 + -310?
-325
In base 3, what is -1101 + -12011?
-20112
In base 16, what is 1 - 1faad?
-1faac
In base 16, what is -25 - 23ba?
-23df
In base 4, what is 32022 + -2001?
30021
In base 6, what is -133124 - 230?
-133354
In base 10, what is 54 - 1486?
-1432
In base 9, what is -5 - 88?
-104
In base 7, what is 141120 + 4?
141124
In base 6, what is -10 - -10201411?
10201401
In base 5, what is -131 + -4014?
-4200
In base 10, what is 240 - -973?
1213
In base 16, what is ca - b3?
17
In base 16, what is a20c + e?
a21a
In base 2, what is 10010 - 1011011111100?
-1011011101010
In base 8, what is 321351 + -3?
321346
In base 8, what is -5722152 + 5?
-5722145
In base 9, what is 52724 + 3?
52727
In base 3, what is 2101210 - 1?
2101202
In base 12, what is -2a41 + 1?
-2a40
In base 5, what is 11113 - -441?
12104
In base 12, what is 74256 - 0?
74256
In base 5, what is -41223 - 3044?
-44322
In base 12, what is -1 + -6452?
-6453
In base 3, what is 2 - -222211112?
222211121
In base 14, what is 64b4 + -3?
64b1
In base 7, what is -4023 + -1200?
-5223
In base 11, what is 0 - -38594?
38594
In base 10, what is 2579 - -11?
2590
In base 14, what is -1 - 2d214?
-2d215
In base 6, what is -14 - -5431150?
5431132
In base 9, what is 33 + -2?
31
In base 8, what is 4 + 775300?
775304
In base 13, what is 5575 - 10c?
5466
In base 4, what is -13 + 330212?
330133
In base 7, what is 2566 + 654?
3553
In base 15, what is -11950 - 1?
-11951
In base 10, what is 185 + 2555?
2740
In base 11, what is 9935a6 - 3?
9935a3
In base 15, what is 80 - -186?
216
In base 2, what is 11011010000 + 1110001?
11101000001
In base 13, what is 5 - -19cc1?
19cc6
In base 2, what is 100111011 + -10101000101?
-10000001010
In base 6, what is 251132 - 1?
251131
In base 12, what is 2 + 1584a2?
1584a4
In base 4, what is 11231 + -12?
11213
In base 9, what is -11 + -732?
-743
In base 10, what is 101118 + -5?
101113
In base 10, what is 3 + -46872?
-46869
In base 3, what is 1122202210121 - 11?
1122202210110
In base 13, what is 5929 + -112?
5817
In base 2, what is -101 + -1001010110001101100?
-1001010110001110001
In base 5, what is 0 + 33124240?
33124240
In base 5, what is 4414 + 133140?
143104
In base 4, what is 30303 + 2?
30311
In base 6, what is -1411 - -212?
-1155
In base 4, what is -10 + -3110220?
-3110230
In base 9, what is -545 - 3173?
-3728
In base 6, what is 11435 - 205?
11230
In base 15, what is -5 + 1763be?
1763b9
In base 6, what is 2 + 1055213?
1055215
In base 6, what is 1340 - 453?
443
In base 5, what is 3 + 11004222?
11004230
In base 10, what is -18983 - -8?
-18975
In base 5, what is -124122 - -301?
-123321
In base 14, what is -5 + b185?
b180
In base 12, what is 3 + 2b3?
2b6
In base 16, what is 17ce0 + -4?
17cdc
In base 11, what is 636 - 3aa4?
-3469
In base 12, what is -1700 + -4?
-1704
In base 14, what is -31bd - -3b?
-3182
In base 16, what is b660 + 0?
b660
In base 11, what is -3051 + 92?
-2a6a
In base 12, what is -5 - -551a?
5515
In base 16, what is 8356 - 5?
8351
In base 8, what is 5 + -130003?
-127776
In base 8, what is 4 - -150716?
150722
In base 15, what is -a8 - 99e?
-a57
In base 5, what is 24 + -1010?
-431
In base 9, what is 5178 - 17?
5161
In base 15, what is -c + -cc8b?
-cc98
In base 9, what is -42264 + 0?
-42264
In base 9, what is 136 + 8141?
8277
In base 15, what is -170 + -d2?
-252
In base 5, what is 120 + -301243?
-301123
In base 4, what is -1 - -113203130?
113203123
In base 12, what is -57 + -195b?
-19b6
In base 8, what is -6711 - 3?
-6714
In base 5, what is 310122013 - -3?
310122021
In base 2, what is 10010000100011001 + -1?
10010000100011000
In base 14, what is 40c5 - -6?
40cb
In base 9, what is -625235 + 11?
-625224
In base 6, what is 305 + -3532?
-3223
In base 3, what is -1020 + -10022201?
-10100221
In base 15, what is 377d + 10?
378d
In base 4, what is 333 - 2031211?
-2030212
In base 16, what is -5c9ef - -5?
-5c9ea
In base 12, what is 2b11 - -68?
2b79
In base 14, what is -8d5 - 0?
-8d5
In base 11, what is a32995 - -5?
a3299a
In base 13, what is -5a09c6 - -1?
-5a09c5
In base 4, what is -11211111 - -12?
-11211033
In base 11, what is -280 - -49?
-232
In base 14, what is 4 - 1091?
-108b
In base 3, what is 11 + -12211021?
-12211010
In base 13, what is 6a8 - -35?
710
In base 8, what is 50 + -4664?
-4614
In base 11, what is -4400 + 1a?
-4391
In base 5, what is -22 - -12340?
12313
In base 3, what is -112221 + -100010?
-220001
In base 12, what is -264 - -b0?
-174
In base 15, what is -3 + -d213?
-d216
In base 7, what is -123 - -636?
513
In base 8, what is 354425 - -4?
354431
In base 12, what is 118 + -616?
-4ba
In base 15, what is -145 - -be?
-76
In base 12, what is -6 + -477?
-481
In base 7, what is -124301 - 216?
-124520
In base 9, what is 82 + -385?
-303
In base 16, what is -179 - -39?
-140
In base 13, what is 3 + 4c62?
4c65
In base 3, what is 20200022020 - -11?
20200022101
In base 15, what is -c6 - 2509?
-25d0
In base 3, what is -201 + 11100010?
11022102
In base 11, what is 55 + 29?
83
In base 16, what is -a9 + -2?
-ab
In base 3, what is 1122 - 211122?
-210000
In base 14, what is 22 - 88d?
-86b
In base 2, what is -100 - -11110001110?
11110001010
In base 13, what is -b50a3 - 0?
-b50a3
In base 16, what is -48 - -108d3?
1088b
In base 7, what is 1 - 11454553?
-11454552
In base 10, what is -4947 - -87?
-4860
In base 16, what is 4 - 11ddf?
-11ddb
In base 5, what is -322002 + 12?
-321440
In base 10, what is -66522 - 0?
-66522
In base 12, what is -27a3 - 28?
-280b
In base 4, what is -12032 - 11332?
-30030
In base 6, what is 12 - 25544?
-25532
In base 7, what is 5153203 + 4?
5153210
In base 15, what is -14cab + -6?
-14cb2
In base 4, what is 101001123 - 0?
101001123
In base 16, what is 17 + -d66?
-d4f
In base 13, what is 184b6b - 5?
184b66
In base 14, what is 2 - -4c63?
4c65
In base 3, what is 1211100001 - 11?
1211022220
In base 16, what is -bd - 2c?
-e9
In base 8, what is -34 + 267?
233
In base 5, what is -10 - -424023?
424013
In base 8, what is 17060 + -41?
17017
In base 3, what is 10022020012 - -22?
10022020111
In base 13, what is -20 - 3a37?
-3a57
In base 12, what is 46 + 1787?
1811
In base 10, what is -64816 + -4?
-64820
In base 11, what is -592 + -26?
-608
In base 7, what is 5 + 121140?
121145
In base 5, what is 0 - 244020?
-244020
In base 13, what is 1 + -2469?
-2468
In base 7, what is -1016 + -230?
-1246
In base 10, what is -1322909 + 0?
-1322909
In base 14, what is 25 + 737d?
73a4
In base 12, what is -3 - -1a9b2?
1a9ab
In base 5, what is 14131 - 203?
13423
In base 7, what is 221054 - 1?
221053
In base 4, what is -3233222 - -121?
-3233101
In base 15, what is e62 - -10?
e72
In base 15, what is -37 - 6ab1?
-6ae8
In base 12, what is 3 - -b013?
b016
In base 6, what is 4 - 2041?
-2033
In base 8, what is -56431 + -3?
-56434
In base 10, what is 21040 - -197?
21237
In base 14, what is -1 - -32ba7?
32ba6
In base 6, what is -42 + -145342?
-145424
In base 15, what is 4 - -25bce?
25bd3
In base 5, what is -3